4
Let g(w) = -w**3 - w**2 - 6*w + 3. Let k(d) = -d**3 - d**2 - 5*d + 2. Let i(q) = 4*g(q) - 5*k(q). What is i(-2)?
-4
Let f(p) = -p**3 - 14*p**2 - 14*p - 4. Let t(i) = i**3 + 14*i**2 + 14*i + 4. Let q(a) = -5*f(a) - 4*t(a). What is q(-13)?
-9
Let u(k) = k**3 - k**2 - k. Let j be ((3 - 2) + 1)*2. Let i(r) = -5*r**3 - 2*r**2 - 2*r. Let f be 7/5 + (-4)/10. Let q(x) = f*i(x) + j*u(x). What is q(-4)?
-8
Let m(a) = -2*a - 3. Let s(k) = 8*k + 11. Let i(w) = 9*m(w) + 2*s(w). What is i(4)?
-13
Let o(t) be the third derivative of -t**4/24 - t**3/3 - t**2 - 5*t. Determine o(9).
-11
Let o(n) = 2*n**2 + 268 - 3*n**2 + 2*n - 269 + 5*n**3. Determine o(1).
5
Let u be 0 + (-1 - -3) + (-423)/216. Let g(j) be the third derivative of j**2 - u*j**4 + 1/3*j**3 + 0 + 0*j. What is g(4)?
-2
Let c(b) be the second derivative of -b**4/12 - b**3 - 2*b**2 - 2*b + 4. Calculate c(-6).
-4
Let z(h) = -h - 15. Let a = 1119 + -1128. Determine z(a).
-6
Suppose 0 = -2*s + 7*s + 25. Let x(g) = g**2 + g + 1. Let r(j) = -8 - 2*j**2 + 0*j**2 - 6*j - 3*j**2 - 3*j. Let u(v) = -r(v) - 4*x(v). Determine u(s).
4
Let d = 40 - 38. Let m(u) = 56 - 57 + d*u + u. What is m(-2)?
-7
Let n(s) = s**2 - 3*s + 7. Let v(k) = -k**2 + 7*k - 14. Let z be 6 + 3 + -4 + 0. Let c(d) = z*n(d) + 3*v(d). Determine c(-5).
13
Let p(x) = x**2 - 3*x + 3. Let g(a) = -13*a. Let i be g(-1). Let b = 16 - i. Determine p(b).
3
Let v(s) = -s + 0*s - 4 + 4*s. Suppose -2*i - 2*z = 2, 15*z = -2*i + 14*z + 2. Calculate v(i).
5
Let j(f) = -20*f - 2. Let q be j(1). Let x = 25 + q. Let a(v) = -v. Let l(r) = r**2 - 12*r + 4. Let d(p) = -4*a(p) + l(p). Calculate d(x).
-11
Let m(p) = -3*p + 99. Let r be m(37). Let c(y) = y**2 + 14*y + 18. What is c(r)?
-6
Let b = -50 + 53. Let q(s) = 3*s**2 - 6*s + 2. What is q(b)?
11
Let g(x) = -2*x**2 - 12*x - 27. Let b(w) = -3*w**2 - 18*w - 37. Let n(r) = 5*b(r) - 7*g(r). Let l(c) = -c**3 + c**2 + 5*c - 3. Let y be l(3). Calculate n(y).
4
Let k(f) = 5. Let n(i) = -4*i + 20. Let v(s) = -s. Let j(w) = -n(w) + 3*v(w). Let o(g) = -2*j(g) - 9*k(g). Determine o(-5).
5
Suppose 2*c = 5*c - 60. Let i(m) = 3*m - 1 + 51*m**3 - 16*m**3 - c*m**3 - 16*m**3. Calculate i(2).
-3
Let i(r) = r + 3. Let b be -12 + 10 - -2*1. Suppose 4*a = d + 26, -5*d + 3 = -a - b*a. Calculate i(a).
10
Suppose 28*z = 12*z - 96. Let v(u) = -7*u**2 - u**3 + u - 3 - 7*u - 5. Determine v(z).
-8
Let y = -41 + 58. Suppose 2*j = -3*t + 19, -t + j = -3*j + y. Suppose -r - t = 2*c + 2, -5*c - r = 20. Let g(n) = -n**3 - 6*n**2 - 4*n - 4. Determine g(c).
-9
Let p(c) = 0*c - c - 38*c**3 + 13*c**3. Let y = -440 - -439. What is p(y)?
26
Let r(n) = -2*n**2 + 9*n - 3. Let f(v) = -v**2 + 10*v - 3. Suppose -10 = 2*t + 2. Let g(w) = t*r(w) + 5*f(w). What is g(2)?
23
Suppose 4*h - 18 = -2*h. Let b(p) = 18 + p**h - 17 + 2*p**3 - 2*p**2. Give b(1).
2
Let a be 4/(-10)*(-10)/(-4). Let f(m) = 8*m**3 - m**2 - m. Calculate f(a).
-8
Let p(j) be the first derivative of 3*j**2/2 + 10*j - 835. Suppose -z = 2*z + 21. Determine p(z).
-11
Let y(h) = -10 - 9 - 10*h + h**2 + 18. Determine y(5).
-26
Let f(d) = d**3 - 4*d**2 + 6*d - 2. Let u be f(2). Suppose 4*o = u*o - 8. Let k(x) = -2*x - 2. What is k(o)?
6
Let h(b) = -4*b. Suppose -5*m = 0, l - 2*m = -m + 4. Suppose 0 = 2*y - 7*y + 4*c + 4, -l*y - 4*c = -32. Suppose 0 = -x + 3*f - f + 7, f = y*x. What is h(x)?
4
Let k(z) be the third derivative of -1/6*z**3 + 0*z - 1/30*z**5 + 31*z**2 + 0 + 0*z**4. Give k(3).
-19
Let i(z) = -5*z + 1. Let x(b) = b. Let n(k) = -i(k) - 3*x(k). Let j be 36/13 - 6/(-26). What is n(j)?
5
Let c = -1/18 + 2/9. Let t(w) be the second derivative of 0 - 1/12*w**4 - c*w**3 - w**2 + w. Give t(-3).
-8
Let m = 17 + -5. Let j(f) = 2*f + f + 8*f**3 - m*f**3 - 6 + f**2. Let w(z) = 3*z**3 - 2*z + 5. Let o(x) = -2*j(x) - 3*w(x). Calculate o(-3).
6
Let r(c) = c**2 - 9*c - 9. Let q = 77 + -67. What is r(q)?
1
Let t(v) be the second derivative of v**4/12 - 3*v**3/2 - v**2 - 231*v. Give t(6).
-20
Let z(n) = 19*n - 25. Let q(o) = 23*o - 26. Let j(s) = 5*q(s) - 6*z(s). Give j(-12).
8
Let a be (-70)/(-22) - 6*6/198. Let h be a/(-5)*(0 + -10). Let v(b) = -b - 5*b + 3 + 4*b. Give v(h).
-9
Suppose 12 = 4*k + a + a, -a + 8 = 4*k. Let f be 2 - k - (3 + 3 + -5). Let x(u) = u + 9. Calculate x(f).
9
Let s(i) = -9*i**2 + 18*i + 11. Let l(g) be the second derivative of 5*g**4/12 - 3*g**3/2 - 3*g**2 + 53*g. Let b(v) = -7*l(v) - 4*s(v). What is b(9)?
-2
Let b(k) = k**3 - 7*k**2 - 11*k + 15. Let d(q) = -2*q**3 - 3*q**2 - 9*q - 14. Let p be d(-2). Give b(p).
-9
Let g(f) = f**3 + 19*f**2 - 9*f + 27. Let q(r) = -r**3 - 37*r**2 + 16*r - 53. Let b(l) = -5*g(l) - 3*q(l). Determine b(8).
0
Let j(c) = c**3 - 5*c**2 + 3*c - 3. Let q be (-62)/(-14) + 105/(-245). Calculate j(q).
-7
Let l(i) = -57*i + 52. Let p(w) = -16*w + 17. Let z(r) = -2*l(r) + 7*p(r). What is z(-6)?
3
Suppose 4*p = -4*b - 24, 3*b = -2*b + 5*p + 20. Let a(y) = y**2 + y - 1. Let g(n) = 5*n**2 - 3*n. Let s(j) = b*g(j) + 4*a(j). Determine s(4).
8
Suppose -4*b = -7 - 41. Suppose -13*s + b*s - 4 = 0. Let o(z) = -z**3 - 4*z**2 - z - 3. What is o(s)?
1
Let o = 260 - 265. Let b(m) = m**3 + 6*m**2 + 6*m + 2. Give b(o).
-3
Let z(m) be the first derivative of 2*m**3 + 3*m**2/2 + 2*m - 189. Determine z(-1).
5
Let n(r) = -r + 1. Let o(v) = v**2 + 6*v - 7. Let t(f) = 6*n(f) + o(f). Determine t(2).
3
Let k be (-2)/7 + -18*(-1)/14. Let t(f) = f**2 - 2 + 1 + 0 - f. What is t(k)?
-1
Let v(m) = m**3 - 2*m**2 + m - 2. Let x(o) be the first derivative of o**4/4 - o**3 + o**2 - 3*o + 19. Let d(h) = 5*v(h) - 3*x(h). What is d(2)?
9
Let h(g) = 3*g - 4*g + 13 - 5. Let n be (-2)/(-16) - (-2)/(-16). Suppose -6*s + s = n. What is h(s)?
8
Suppose 0 = 71*q + 47*q + 1534. Let y(w) = -w**3 - 13*w**2 - w - 21. What is y(q)?
-8
Suppose c + 1 + 6 = 0. Let u(q) = q + 2. Let p(h) = 4*h + 17. Let z(i) = -p(i) + 3*u(i). Calculate z(c).
-4
Let x = -6 - -9. Let k(p) = p - 4*p - x + 7 - 3 - p**2. Suppose 0 = -5*u + 3*u + 4*n + 4, 4*u + 22 = -2*n. Calculate k(u).
-3
Let a = 64 + -58. Let c(z) be the third derivative of 1/24*z**4 - 7/6*z**3 + 0*z + 0 - 10*z**2. Give c(a).
-1
Let b be (-13 + 1)/((-11)/((-165)/10)). Let q(n) = n**3 + 19*n**2 + 18*n - 7. Determine q(b).
-7
Let q(h) be the second derivative of 0 + 5/12*h**4 - 1/6*h**3 - 1/20*h**5 - 6*h + 3/2*h**2. Give q(5).
-2
Let n = 70 - 64. Let j(h) = -h**3 + 8*h**2 - 7*h + 1. What is j(n)?
31
Let z(x) = x**2 - 10*x + 10. Suppose 0 = -13*h + 101 - 10. Give z(h).
-11
Let w be 0 + ((-2)/4)/(5/30). Let f(c) = c**3 + 3*c**2 - c. What is f(w)?
3
Let w be 4 + 22/8 + (-15)/20. Let x(v) = -11*v**3 + 29*v**2 - 19*v + 35. Let s(i) = -4*i**3 + 10*i**2 - 6*i + 12. Let q(r) = -8*s(r) + 3*x(r). Give q(w).
-9
Let n(w) = -9*w**3 - 24*w**2 - 2*w - 4. Let c(q) = 5*q**3 + 13*q**2 + q + 3. Let y(z) = -5*c(z) - 3*n(z). What is y(-3)?
3
Suppose w = -4, 0*w = -j - 3*w - 6. Let g(y) be the first derivative of 4*y + 1/4*y**4 - 3 - 7/3*y**3 + 5/2*y**2. Calculate g(j).
-2
Let c(b) = -2*b - 39. Let z be c(-16). Let k be (112/(-12))/z*3/2. Let w(d) = -2*d + 1. Determine w(k).
-3
Let i(l) = l**3 - 7*l**2 + 10*l - 14. Let f be i(6). Suppose 14*j = 9*j + f. Suppose 6 = j*p - 3*p. Let n(c) = -c**3 - 5*c**2 + 4*c - 7. Give n(p).
5
Let o be ((-1)/(9/(-12)))/(76/342). Let d(h) = h**2 - 4 + 2*h + 4*h - 2*h**2 - 3*h. What is d(o)?
-22
Let h(j) be the first derivative of j**4/4 - 2*j**3 + j**2 - 5*j + 410. Let z = -8 - -14. Give h(z).
7
Let i(n) = n**3 - 4*n**2 + 2. Let h be (-3)/(-2) + (-235)/(-94). Give i(h).
2
Suppose 4 = -11*o - 18. Let d(r) be the third derivative of -r**6/120 - r**5/60 - r**4/24 + r**3/6 + 7*r**2. Determine d(o).
7
Let a(u) be the second derivative of u**4/12 - u**3/2 - 3*u**2/2 + 11*u + 3. What is a(4)?
1
Let l(s) = -2*s**2 + 3 + 39*s + 0 + 3 - 13*s - 3. Give l(13).
3
Suppose 2*g = g. Let l(q) = q + 0*q + 1 + g*q. Suppose 0*p = 4*p + 20. Determine l(p).
-4
Let m(k) = k**3 - 2*k**2 - k + 4. Let f = -41 - -44. Give m(f).
10
Let o(m) = -62*m + 59. Let a be o(1). Let s(t) = 7*t**2 + 2*t - 1 + t**3 - 2*t**2 + 0*t**2. What is s(a)?
11
Let b(m) = 9*m**3 + 2*m - 2. Let k be (((-32)/8 + 0)/2)/(-2). Give b(k).
9
Let n(a) = 2*a - 6. Let h(y) = 6*y - 17. Let k(d) = 6*h(d) - 17*n(d). Let o = -352 + 350. Give k(o).
-4
Let g = 41/22 + -15/11. Let x(k) be the second derivative of 